6401 is divided by 4618?
4615
Calculate the remainder when 2468741 is divided by 189.
23
What is the remainder when 189962 is divided by 1136?
250
What is the remainder when 15503408 is divided by 26?
24
What is the remainder when 1159929 is divided by 215?
4
What is the remainder when 1495812 is divided by 747858?
96
What is the remainder when 395862 is divided by 2315?
2312
What is the remainder when 1135388 is divided by 86?
16
What is the remainder when 782706 is divided by 66?
12
What is the remainder when 1166543 is divided by 770?
763
What is the remainder when 42384359 is divided by 3027453?
17
What is the remainder when 213056 is divided by 1270?
966
What is the remainder when 10224 is divided by 599?
41
What is the remainder when 60670237 is divided by 21?
19
What is the remainder when 655290 is divided by 451?
438
Calculate the remainder when 2105419 is divided by 233932.
31
Calculate the remainder when 12425055 is divided by 6212527.
1
What is the remainder when 4970645 is divided by 41770?
15
Calculate the remainder when 34248 is divided by 1633.
1588
Calculate the remainder when 1037118 is divided by 181.
169
Calculate the remainder when 183261 is divided by 68.
1
What is the remainder when 67019867 is divided by 706?
699
What is the remainder when 25870001 is divided by 9?
5
Calculate the remainder when 2756766 is divided by 6099.
18
Calculate the remainder when 3345067 is divided by 334506.
7
What is the remainder when 6230079 is divided by 566370?
9
What is the remainder when 685908263 is divided by 215?
213
Calculate the remainder when 1313125 is divided by 33669.
34
What is the remainder when 402691 is divided by 5671?
50
What is the remainder when 136077102 is divided by 237?
234
What is the remainder when 43907286 is divided by 2843?
2837
Calculate the remainder when 238565874 is divided by 244.
242
Calculate the remainder when 5735480 is divided by 895.
320
Calculate the remainder when 1678072 is divided by 414.
130
What is the remainder when 182549 is divided by 77?
59
What is the remainder when 51327454 is divided by 4991?
10
Calculate the remainder when 6344363 is divided by 90.
83
What is the remainder when 12405051 is divided by 44?
43
Calculate the remainder when 17663894 is divided by 330.
314
Calculate the remainder when 87357879 is divided by 139.
132
Calculate the remainder when 4185641 is divided by 44.
9
Calculate the remainder when 6863058 is divided by 387.
0
Calculate the remainder when 17874 is divided by 5367.
1773
What is the remainder when 2576424 is divided by 1078?
4
What is the remainder when 4240062 is divided by 1627?
100
What is the remainder when 494388 is divided by 48?
36
What is the remainder when 155848 is divided by 155835?
13
Calculate the remainder when 4496358 is divided by 13.
9
What is the remainder when 24462718 is divided by 1096?
1094
What is the remainder when 254719 is divided by 41?
27
Calculate the remainder when 143295681 is divided by 3129.
3126
What is the remainder when 7056576 is divided by 1947?
648
Calculate the remainder when 109182850 is divided by 28552.
2
Calculate the remainder when 156092783 is divided by 48.
47
What is the remainder when 24344 is divided by 24030?
314
Calculate the remainder when 6779003 is divided by 133.
126
Calculate the remainder when 338148 is divided by 112653.
189
What is the remainder when 1007058 is divided by 1923?
1329
What is the remainder when 212058 is divided by 673?
63
Calculate the remainder when 1037007 is divided by 19203.
45
Calculate the remainder when 11035376 is divided by 236.
16
Calculate the remainder when 186079607 is divided by 468.
467
Calculate the remainder when 1599336 is divided by 27107.
23
Calculate the remainder when 273320 is divided by 13666.
0
Calculate the remainder when 33002128 is divided by 3119.
3108
What is the remainder when 363412 is divided by 121012?
376
What is the remainder when 3804996 is divided by 181?
14
What is the remainder when 10773504 is divided by 139915?
49
Calculate the remainder when 421184 is divided by 966.
8
What is the remainder when 50050 is divided by 3935?
2830
Calculate the remainder when 256443 is divided by 234.
213
Calculate the remainder when 30236266 is divided by 3513.
3388
Calculate the remainder when 381341551 is divided by 323.
322
Calculate the remainder when 277937 is divided by 4470.
797
Calculate the remainder when 13510 is divided by 3220.
630
Calculate the remainder when 629983 is divided by 157440.
223
What is the remainder when 429356 is divided by 950?
906
Calculate the remainder when 3853941 is divided by 66.
3
What is the remainder when 125912 is divided by 61024?
3864
What is the remainder when 196933 is divided by 430?
423
What is the remainder when 727051 is divided by 80748?
319
Calculate the remainder when 919711 is divided by 40.
31
Calculate the remainder when 5228620 is divided by 201099.
46
Calculate the remainder when 1300691 is divided by 850.
191
What is the remainder when 21796 is divided by 922?
590
What is the remainder when 99527603 is divided by 73?
60
What is the remainder when 86443 is divided by 86065?
378
Calculate the remainder when 3122018 is divided by 49.
32
Calculate the remainder when 2177544 is divided by 250.
44
Calculate the remainder when 66709152 is divided by 23.
21
Calculate the remainder when 4994692 is divided by 4994674.
18
Calculate the remainder when 5306 is divided by 758.
0
Calculate the remainder when 54313285 is divided by 1626.
7
Calculate the remainder when 178602517 is divided by 43.
39
Calculate the remainder when 43049 is divided by 43018.
31
Calculate the remainder when 557835059 is divided by 12.
11
Calculate the remainder when 2675353 is divided by 563.
540
Calculate the remainder when 4492404 is divided by 24.
12
What is the remainder when 168381013 is divided by 56127002?
7
What is the remainder when 4504972 is divided by 1320?
1132
What is the remainder when 1329966 is divided by 404?
402
Calculate the remainder when 3500546 is divided by 5008.
4962
Calculate the remainder when 52024 is divided by 1629.
1525
Calculate the remainder when 677173 is divided by 830.
723
Calculate the remainder when 5758114 is divided by 61255.
144
What is the remainder when 40245629 is divided by 17?
16
Calculate the remainder when 592831 is divided by 296351.
129
Calculate the remainder when 4984897 is divided by 345.
337
Calculate the remainder when 126402499 is divided by 59039.
0
Calculate the remainder when 76524 is divided by 709.
661
What is the remainder when 4836396 is divided by 487?
486
What is the remainder when 30285 is divided by 14177?
1931
What is the remainder when 713896 is divided by 39660?
16
What is the remainder when 10329757 is divided by 19?
8
Calculate the remainder when 17106559 is divided by 14646.
31
What is the remainder when 199555553 is divided by 34?
33
Calculate the remainder when 7329040 is divided by 322.
320
What is the remainder when 1949446 is divided by 17?
5
What is the remainder when 130053 is divided by 64908?
237
What is the remainder when 42304 is divided by 260?
184
Calculate the remainder when 6090281 is divided by 11405.
11
Calculate the remainder when 2397521 is divided by 47009.
62
Calculate the remainder when 3619695 is divided by 7685.
60
What is the remainder when 980799 is divided by 81728?
63
Calculate the remainder when 42393 is divided by 432.
57
Calculate the remainder when 30373 is divided by 1205.
248
What is the remainder when 43124 is divided by 40852?
2272
Calculate the remainder when 49625631 is divided by 16.
15
What is the remainder when 12151831 is divided by 4050534?
229
What is the remainder when 17870 is divided by 17724?
146
What is the remainder when 108962486 is divided by 2171?
2167
What is the remainder when 367024376 is divided by 32?
24
What is the remainder when 60914056 is divided by 94?
82
Calculate the remainder when 210897 is divided by 70015.
852
Calculate the remainder when 47543 is divided by 3684.
3335
Calculate the remainder when 6106364 is divided by 351.
17
Calculate the remainder when 141124 is divided by 141105.
19
Calculate the remainder when 5004664 is divided by 69509.
16
What is the remainder when 363095 is divided by 15127?
47
W